{"id":455,"date":"2024-01-02T23:30:27","date_gmt":"2024-01-02T22:30:27","guid":{"rendered":"http:\/\/www.vivreamontdenis.fr\/?page_id=455"},"modified":"2024-01-15T11:20:56","modified_gmt":"2024-01-15T10:20:56","slug":"convocation-a-lassemblee-generale-2024","status":"publish","type":"page","link":"https:\/\/www.vivreamontdenis.fr\/index.php\/convocation-a-lassemblee-generale-2024\/","title":{"rendered":"Convocation \u00e0 l&rsquo;Assembl\u00e9e g\u00e9n\u00e9rale 2024"},"content":{"rendered":"\n<div class=\"wp-block-uagb-container uagb-block-c9ebaf16 alignfull uagb-is-root-container\"><div class=\"uagb-container-inner-blocks-wrap\">\n<div class=\"wp-block-uagb-container uagb-block-8287d665\">\n<p class=\"has-text-align-center\">INVITATION \u00c0 L\u2019ASSEMBL\u00c9E G\u00c9N\u00c9RALE DE L\u2019ASSOCIATION \u00ab VIVRE \u00c0 MONTDENIS \u00bb<\/p>\n\n\n\n<p class=\"has-text-align-left\"><br>et aussi au partage de la galette avec un verre de l\u2019amiti\u00e9, le<strong> Dimanche 21 janvier 2024 \u00e0 15h<\/strong> chez Guy Lebert aux Villes \u00e0 Montdenis<\/p>\n\n\n\n<p class=\"has-text-align-left\"><br>Ordre du jour :<\/p>\n\n\n\n<ul class=\"wp-block-list\">\n<li>Bilan moral et financier<\/li>\n\n\n\n<li>Bilan des activit\u00e9s<\/li>\n\n\n\n<li>Renouvellement des membres du conseil d\u2019administration<\/li>\n\n\n\n<li>Paiement des cotisations<\/li>\n\n\n\n<li>Projets :\n<ul class=\"wp-block-list\">\n<li>Entretien des sentiers de Montdenis avec les ateliers de Maurienne<\/li>\n\n\n\n<li>Entretien sentier botanique \/ nouveau d\u00e9pliant<\/li>\n\n\n\n<li>Site internet<\/li>\n\n\n\n<li>Organisation du hameau face aux al\u00e9as (d\u00e9neigement, route coup\u00e9e etc.)<\/li>\n\n\n\n<li>Petite f\u00eate accueil des nouveaux habitants de Montdenis<\/li>\n\n\n\n<li>F\u00eate de Montdenis 2024<\/li>\n\n\n\n<li>Local de r\u00e9union<\/li>\n<\/ul>\n<\/li>\n\n\n\n<li>Questions diverses<br><br>Des envies, des projets, des r\u00eaves, l\u2019association est l\u00e0 pour s\u2019en faire l\u2019\u00e9cho. Il n\u2019est pas n\u00e9cessaire d\u2019y habiter pour en faire partie, l\u2019envie de nouer ou de renouer des liens avec Montdenis suffit, vous \u00eates tous les bienvenus.<br>\u00ab Vivre \u00e0 Montdenis \u00bb &#8211; 06 51 02 16 66 &#8211; infos@vivreamontdenis.fr<\/li>\n<\/ul>\n<\/div>\n<\/div><\/div>\n","protected":false},"excerpt":{"rendered":"<p>INVITATION \u00c0 L\u2019ASSEMBL\u00c9E G\u00c9N\u00c9RALE DE L\u2019ASSOCIATION \u00ab VIVRE \u00c0 MONTDENIS \u00bb et aussi au partage de la galette avec un verre de l\u2019amiti\u00e9, le Dimanche 21 janvier 2024 \u00e0 15h chez Guy Lebert aux Villes \u00e0 Montdenis Ordre du jour :<\/p>\n","protected":false},"author":1,"featured_media":0,"parent":0,"menu_order":0,"comment_status":"closed","ping_status":"closed","template":"","meta":{"_uag_custom_page_level_css":"","site-sidebar-layout":"default","site-content-layout":"","ast-site-content-layout":"default","site-content-style":"default","site-sidebar-style":"default","ast-global-header-display":"","ast-banner-title-visibility":"","ast-main-header-display":"","ast-hfb-above-header-display":"","ast-hfb-below-header-display":"","ast-hfb-mobile-header-display":"","site-post-title":"","ast-breadcrumbs-content":"","ast-featured-img":"","footer-sml-layout":"","ast-disable-related-posts":"","theme-transparent-header-meta":"","adv-header-id-meta":"","stick-header-meta":"","header-above-stick-meta":"","header-main-stick-meta":"","header-below-stick-meta":"","astra-migrate-meta-layouts":"default","ast-page-background-enabled":"default","ast-page-background-meta":{"desktop":{"background-color":"var(--ast-global-color-4)","background-image":"","background-repeat":"repeat","background-position":"center center","background-size":"auto","background-attachment":"scroll","background-type":"","background-media":"","overlay-type":"","overlay-color":"","overlay-opacity":"","overlay-gradient":""},"tablet":{"background-color":"","background-image":"","background-repeat":"repeat","background-position":"center center","background-size":"auto","background-attachment":"scroll","background-type":"","background-media":"","overlay-type":"","overlay-color":"","overlay-opacity":"","overlay-gradient":""},"mobile":{"background-color":"","background-image":"","background-repeat":"repeat","background-position":"center center","background-size":"auto","background-attachment":"scroll","background-type":"","background-media":"","overlay-type":"","overlay-color":"","overlay-opacity":"","overlay-gradient":""}},"ast-content-background-meta":{"desktop":{"background-color":"var(--ast-global-color-5)","background-image":"","background-repeat":"repeat","background-position":"center center","background-size":"auto","background-attachment":"scroll","background-type":"","background-media":"","overlay-type":"","overlay-color":"","overlay-opacity":"","overlay-gradient":""},"tablet":{"background-color":"var(--ast-global-color-5)","background-image":"","background-repeat":"repeat","background-position":"center center","background-size":"auto","background-attachment":"scroll","background-type":"","background-media":"","overlay-type":"","overlay-color":"","overlay-opacity":"","overlay-gradient":""},"mobile":{"background-color":"var(--ast-global-color-5)","background-image":"","background-repeat":"repeat","background-position":"center center","background-size":"auto","background-attachment":"scroll","background-type":"","background-media":"","overlay-type":"","overlay-color":"","overlay-opacity":"","overlay-gradient":""}},"footnotes":""},"class_list":["post-455","page","type-page","status-publish","hentry"],"uagb_featured_image_src":{"full":false,"thumbnail":false,"medium":false,"medium_large":false,"large":false,"1536x1536":false,"2048x2048":false},"uagb_author_info":{"display_name":"Didier de la Ros\u00ea","author_link":"https:\/\/www.vivreamontdenis.fr\/index.php\/author\/admin3402\/"},"uagb_comment_info":0,"uagb_excerpt":"INVITATION \u00c0 L\u2019ASSEMBL\u00c9E G\u00c9N\u00c9RALE DE L\u2019ASSOCIATION \u00ab VIVRE \u00c0 MONTDENIS \u00bb et aussi au partage de la galette avec un verre de l\u2019amiti\u00e9, le Dimanche 21 janvier 2024 \u00e0 15h chez Guy Lebert aux Villes \u00e0 Montdenis Ordre du jour :","_links":{"self":[{"href":"https:\/\/www.vivreamontdenis.fr\/index.php\/wp-json\/wp\/v2\/pages\/455","targetHints":{"allow":["GET"]}}],"collection":[{"href":"https:\/\/www.vivreamontdenis.fr\/index.php\/wp-json\/wp\/v2\/pages"}],"about":[{"href":"https:\/\/www.vivreamontdenis.fr\/index.php\/wp-json\/wp\/v2\/types\/page"}],"author":[{"embeddable":true,"href":"https:\/\/www.vivreamontdenis.fr\/index.php\/wp-json\/wp\/v2\/users\/1"}],"replies":[{"embeddable":true,"href":"https:\/\/www.vivreamontdenis.fr\/index.php\/wp-json\/wp\/v2\/comments?post=455"}],"version-history":[{"count":2,"href":"https:\/\/www.vivreamontdenis.fr\/index.php\/wp-json\/wp\/v2\/pages\/455\/revisions"}],"predecessor-version":[{"id":478,"href":"https:\/\/www.vivreamontdenis.fr\/index.php\/wp-json\/wp\/v2\/pages\/455\/revisions\/478"}],"wp:attachment":[{"href":"https:\/\/www.vivreamontdenis.fr\/index.php\/wp-json\/wp\/v2\/media?parent=455"}],"curies":[{"name":"wp","href":"https:\/\/api.w.org\/{rel}","templated":true}]}}